?
9
Suppose 4*l = -j - 4*j + 3637, -j - 3 = 0. Suppose -642 = -5*m + l. Suppose 4*g = m - 71. What is the tens digit of g?
6
Let h(i) = 21 - 35*i**2 + 0*i - 12*i + 36*i**2 - i. What is the units digit of h(12)?
9
Suppose f + 3*t + 17 = -34, 0 = -4*f + t - 230. Let r = f - -61. Suppose 0*k = -r*k + 676. What is the tens digit of k?
6
Let y = -119 - -218. Suppose 115 + y = 2*f. What is the tens digit of f?
0
Let n be 11 + -15 - (2 - 8). Suppose u + k = 226, -k + 467 = n*u - 2*k. What is the tens digit of u?
3
Let a(c) be the first derivative of 179*c**3/3 - 7*c**2 + 29*c + 196. What is the units digit of a(2)?
7
Suppose -2*i - 10*i + 24 = 0. Let j(x) = 43*x**2 + 18*x - 39. What is the tens digit of j(i)?
6
Let a = -7919 + 14088. What is the units digit of a?
9
What is the ten thousands digit of (-5554710)/(-243) + -34 + (-1)/(-9)?
2
Let t(x) = 186*x - 1. Let d be t(2). Let f = d + 16. What is the tens digit of f?
8
Let a(d) = 35*d**2. Let b be a(-2). Let l be (3 - -2)*(-11)/(-1). Suppose -3*m = u - b, 3*m - u = l + 87. What is the tens digit of m?
4
Let o = -969 - -2310. What is the thousands digit of o?
1
Let z be (-2022)/((-8)/(-4)) + 5 + -5. Let v = -565 - z. What is the units digit of v?
6
Let r(x) = 2*x + 4. Let m be r(-1). Suppose m*k = 6*k - 4. What is the hundreds digit of ((-2)/6)/(k/(-363))?
1
Let u = 75929 + -49511. What is the thousands digit of u?
6
Suppose 2798*q + 98680 = 2818*q. What is the thousands digit of q?
4
What is the units digit of ((-1782)/(-90) + -15)/((-10569)/3525 - -3)?
0
Let h = 28887 + -14994. What is the tens digit of h?
9
Suppose 6*z - 2 - 10 = 0. Suppose -z*m - 4*v = -v - 2339, -2*m + 2*v + 2344 = 0. What is the thousands digit of m?
1
Let q = -237 + 647. Let b = 512 - q. What is the tens digit of b?
0
Let l = -21 - -32. Let b = -6 + l. Suppose s = 3*s - 2*g - 72, 3*s + b*g = 124. What is the tens digit of s?
3
What is the units digit of 3/(-13) + 304700/26?
9
What is the units digit of 867*-65*-6*(-4)/(-40)?
3
Suppose 16*o = 2*l + 15*o - 2422, 4844 = 4*l - o. What is the hundreds digit of l?
2
Let s be (-20)/4*(-5 + 3). Let v(g) = g**3 + g + 55. Let x be v(0). What is the tens digit of 64*(x/s + -5)?
3
Let n = -62 + 63. Suppose 0 = -3*d + 3*p + 2 + n, 3*p + 15 = -d. Let s(f) = -67*f + 13. What is the hundreds digit of s(d)?
2
What is the thousands digit of -9 + 26503/4 + 5/4?
6
Let c(y) = y**2 - y - 6. Let z be c(-3). Suppose -522 = -3*f - z*f. Suppose -2*u = -m - 4*m + 318, m + u - f = 0. What is the units digit of m?
2
What is the units digit of ((-6)/(-4))/(7*6/231812)?
9
Let r = -2250 + 3849. Let l = 2264 - r. What is the hundreds digit of l?
6
Suppose -3*g + 19619 = -2*y, 870 = -2*g - 2*y + 13956. What is the thousands digit of g?
6
Let n = -11437 - -21953. What is the tens digit of n?
1
Let y = -1011 + 2417. What is the units digit of y?
6
Let t = -17 + 17. Suppose 0 = d - 3*w - 14, 5*d + 0*w - 2*w - 31 = t. Suppose -d*o + 196 = -99. What is the tens digit of o?
5
Let z = 19960 + -12868. What is the tens digit of z?
9
Suppose 5*g + 130 = 2*j - 72, -4*j = -4. Let s be g/(-25)*(-15)/(-6). Suppose 0 = v + 4*l - 72, 4*l = 8*l + s. What is the tens digit of v?
7
Let x(o) = -711*o - 2513. What is the tens digit of x(-70)?
5
Let o(c) = c**3 - 34*c**2 + 40*c + 33. Suppose 0 = 5*y + 180 - 345. What is the tens digit of o(y)?
6
Let z be -12*406/(-21) - 8. Suppose 7*v = -49 + z. What is the units digit of v?
5
Let r(g) = 183*g - 40. Let q be r(6). Suppose 30 = -4*p + q. What is the hundreds digit of p?
2
Suppose -20*m = -9668 - 47332. Suppose -m = -h - 5*h. What is the hundreds digit of h?
4
Suppose 73*s + 67*s = 96*s + 395604. What is the tens digit of s?
9
Let z = 16164 - 9336. What is the tens digit of z?
2
Let c = -23895 - -36615. What is the units digit of c?
0
Suppose m + 2*c = 5*m - 370, 2*m = -4*c + 180. Let x = 96 - m. Suppose -q + 191 = x*i, 0 = 5*q + 5. What is the tens digit of i?
4
Suppose 3*c + 532*x - 7892 = 533*x, 4*c + 5*x - 10548 = 0. What is the units digit of c?
2
Suppose -z = 2*h + 7, z + h + 13 = 2*h. Let c(o) = 2*o - 32. Let q be c(z). What is the units digit of ((-180)/(-8))/(-9)*q?
5
Suppose -2 = -2*j - 5*v, -3*j + 12*v = 7*v - 28. Suppose j*q - 318 = 1092. What is the units digit of q?
5
What is the hundreds digit of ((-6)/(-8) + (-678235)/(-60))/((-178)/(-267))?
9
Let x(s) = -s**3 + 5*s**2 - 18*s + 21323. What is the hundreds digit of x(0)?
3
Let o(j) = 27*j - 16. Let g be o(4). What is the hundreds digit of ((-25)/(-10)*g)/1?
2
Suppose 51 + 19 = 5*f + 2*z, 0 = f - z - 7. Let a be f/(-90) - 231/(-45). Suppose 175 = 4*q - 3*v, -a*v + 210 = 5*q - 0*q. What is the tens digit of q?
4
What is the thousands digit of 6791 - 7/35*0 - 4?
6
Let j = 4834 - 1125. What is the units digit of j?
9
Let f(a) = 18*a**3 + 16*a**2 - 342*a + 20. What is the tens digit of f(8)?
2
What is the tens digit of (-12)/2 + 5001*((-16)/24 - -2)?
6
Suppose 0 = -4*z + 4*y + 4, 4*z - 3*z - 2*y = 0. Suppose 433 = 5*l + 3*p, -z*l + 10 = 5*p - 148. What is the units digit of l?
9
Suppose -189 = -4*u - 4*s - 57, 0 = 4*u - s - 152. Suppose 3*w + u = 3*j - 11, -5*j + 2*w = -74. Let f = -5 + j. What is the units digit of f?
9
Let f(r) = 654*r - 1036. What is the thousands digit of f(4)?
1
Suppose 45 = -5*n + p, -n - 3*p = -4*p + 13. Let i(g) = -44*g + 37. What is the units digit of i(n)?
9
Let p = -27 - -41. Suppose -2270 = -p*b + 9*b. What is the units digit of b?
4
Suppose 3*f = -f + 4*h + 6672, -4*h = -2*f + 3342. What is the units digit of f?
5
Suppose 0 = 55*c - 3959732 + 472622. What is the tens digit of c?
0
Let j(w) = 3*w**2 + 8*w + 4. Let i be j(-3). What is the tens digit of (2286 + -1)*i/35?
5
Suppose 370871 + 285967 = 21*w. What is the hundreds digit of w?
2
Let c(p) = -p**3 - 20*p**2 + 479*p + 51. What is the tens digit of c(-43)?
8
Let c(v) = 47*v - 22. Let f be c(8). Suppose -1324 + f = -w. What is the units digit of w?
0
Suppose 5*w - 10*f - 14230 = -6*f, -5*w + f = -14230. Suppose 5*x - w = 559. What is the tens digit of x?
8
Let i(o) = -19*o + 1 + o + 14*o**2 + 11*o + 5*o + 3*o. What is the tens digit of i(-2)?
5
Let h be 17124/102 + 2/17. Suppose -3*c + 0*c - h = -3*n, 3*n = 4*c + 224. Let q = 152 + c. What is the units digit of q?
6
Let h(d) = -d**2 - 2*d - 1. Let v(f) = 5*f**2 + 44*f + 22. Let b(x) = 6*h(x) + v(x). What is the hundreds digit of b(23)?
2
Suppose 0 = -5*w + 2*p + 19, -3*w = -p - 14 + 3. Suppose -w*b + 4*b - 5*s = 56, 0 = 2*s + 6. What is the units digit of b?
1
Suppose 3*j - 6*j = 9. Let n be ((-15)/(-9))/(j/((-72)/20)). Suppose -n*x + 686 = 5*x. What is the units digit of x?
8
Suppose 3*i = -4*o + 146759, -761*o - 110092 = -764*o + i. What is the ten thousands digit of o?
3
Let b(z) = 105*z - 221. Let f(l) = -53*l + 110. Let k(t) = -3*b(t) - 7*f(t). What is the units digit of k(9)?
7
Let y(c) = 4*c + 2*c + 4*c - 4. Let w be y(4). What is the units digit of w*((-16)/(-3) + -4)?
8
Suppose -40*p - 46*p + 367650 = -11*p. What is the thousands digit of p?
4
Suppose -11*d + 77159 - 23644 = 0. What is the thousands digit of d?
4
Let x(d) be the first derivative of 5*d**3/3 + d**2 + 769. Let s be 4/(-6) + 48/(-9). What is the tens digit of x(s)?
6
Suppose 5*m - 3*z - 89 = 0, 0 = -5*m - 4*z + z + 71. Let k = -20 + m. Let w(p) = 5*p**2 + 12*p + 9. What is the tens digit of w(k)?
4
Let k = -45689 + 72528. What is the units digit of k?
9
Let w = 15092 + -14782. What is the tens digit of w?
1
Let g be (-66966)/(-27) + 3/(-27)*2. Suppose -11*y + g = 599. What is the tens digit of y?
7
What is the units digit of (-1665391)/(-546) - 5/(-6)?
1
Let r = -22383 - -37558. What is the units digit of r?
5
Let x be (1 - 14/8)*(485 + 3). Let h = 663 + x. What is the units digit of h?
7
Let b(z) be the second derivative of 7*z**4/4 - 4*z**3 + 33*z**2 + 3*z + 45. What is the tens digit of b(7)?
2
Let d be (22/(-4))/(1*(-5)/50). Suppose -16 = -4*t, -2*v = 2*v - 4*t - 52. Let o = d + v. What is the units digit of o?
2
Let z(c) = -2*c**3 + 121*c**2 - 67*c + 414. What is the tens digit of z(58)?
4
Suppose 7306 = -62*u + 2036. What is the tens digit of (13 - u) + (-2*1 - 2)?
9
Let s be 757/(-2)*(11 + -13 - 2). Suppose 4*h - 610 = s. What is the units digit of h?
1
Let b = -724 + 828. What is the tens digit of b/(-195)*